(a) = -2*a**2 - 4*a + 6 - 1 - 1 + 0. Let v(x) = -b(x) + 2*o(x). Does 13 divide v(-3)?
True
Let f(d) = -3*d**2 - 7*d - 3. Let x(b) = 10*b**2 + 20*b + 9. Let o(h) = 8*f(h) + 3*x(h). Is o(-2) a multiple of 19?
True
Let k(i) = -i**2 + 29*i - 62. Is k(11) a multiple of 8?
True
Let a(k) = 9*k - 3. Let p be a(5). Suppose -2*u - q + 15 = 0, -3*u = u - 2*q - p. Is u a multiple of 5?
False
Let s = 52 - 25. Suppose 4*x - 4*l = 52, -s = -3*x - 4*l + l. Is x a multiple of 7?
False
Let h = -145 - -203. Suppose 3*m - 62 - h = 0. Is 10 a factor of m?
True
Let l(i) = -i - 1. Let g = 3 + -6. Let z be l(g). Suppose 2*v - 146 = -4*r, z*v - 110 = -3*r - 0*v. Is 15 a factor of r?
False
Suppose 2*i = i. Suppose -3*z - w - 3*w + 131 = i, 2*w - 10 = 0. Suppose 0 = -3*l + z + 86. Does 12 divide l?
False
Let t be (3 + 548/(-20))*-15. Suppose -r = 4*o - t, 44 + 56 = o - 4*r. Does 26 divide o?
False
Let q(b) = -2*b**2 - 30*b + 7. Is q(-15) a multiple of 2?
False
Suppose 3*z - 2 = -l, -l = -0*l - 2. Suppose z = 4*v - j - 244, -305 = -5*v + j + 3*j. Does 16 divide v?
False
Suppose -18 + 6 = -4*g. Suppose g*a = 123 + 33. Is a a multiple of 18?
False
Suppose 2*d - 3*w - 2*w + 22 = 0, -5*d = -4*w + 72. Let q = -10 - d. Is q even?
True
Suppose -18 = m + 4*c, -3*m - 2*m = -c + 27. Is (-62)/(-8) - m/24 a multiple of 7?
False
Let a be -1 + 5 - (-3 + 0). Let k(q) = -q**3 + 7*q**2 + 6*q - 8. Does 20 divide k(a)?
False
Let s = -9 + 16. Let t = -6 + s. Suppose 4*r - 75 = t. Does 12 divide r?
False
Let i = -6 + 4. Let z = i - -34. Suppose 0 = -q - 3*q + z. Is q a multiple of 4?
True
Let d(v) = -v**2 - 11*v - 10. Does 4 divide d(-9)?
True
Let d = -90 - -114. Is 3 a factor of d?
True
Suppose 4 = -4*y + 28. Let u be 5 + -3*y/9. Let l(n) = 3*n**2 - n - 2. Is 11 a factor of l(u)?
True
Let t(x) = -6 + 2*x + x - 8*x - x**2. Let w be t(-4). Is 9 a factor of (w - -4 - 1) + 11?
False
Let r = -9 + 19. Does 6 divide 4/10 + 56/r?
True
Let h(d) = -d + 2. Let y be h(4). Let g be (-3 - -2)*(y - 43). Suppose -g = -2*l - l. Is l a multiple of 7?
False
Suppose 3*h - 18 = -0*h. Suppose -230 = -11*w + h*w. Is 10 a factor of w?
False
Let p = -21 + 49. Suppose 0*x - p = -x. Suppose 2*l - 4*o - x = 0, -l + 19 + 20 = 3*o. Is 12 a factor of l?
True
Suppose 5*y - 4*k = 650, -k - 532 = -4*y - 1. Does 20 divide y?
False
Let g(d) = 21*d**2 + 3*d + 1. Does 21 divide g(-2)?
False
Let z be (-3 + 2)/(-1 - -2). Let o be z/((1 - 3)/(-6)). Is 16 a factor of (4 + o)*-1 - -33?
True
Let d be 8*(-3)/(9/3). Let o = 32 + d. Is o a multiple of 9?
False
Let n = -14 + 0. Is (-228)/n + 6/(-21) a multiple of 16?
True
Let i = -19 - -8. Is 8 + i - (0 - 69) a multiple of 22?
True
Let j be -2 + 0 - (-1 + 3). Is 8 a factor of (-30)/j*16/5?
True
Let p(r) = -6*r**3 + 4*r + 3. Is 23 a factor of p(-2)?
False
Let f(a) = -a**2 + 12*a - 15. Let n be f(10). Suppose 0 = -q, -20 = -n*m + 6*q - 3*q. Is m a multiple of 4?
True
Let f = 27 - -16. Let t = f + -30. Suppose -3*j = -t - 35. Is j a multiple of 16?
True
Suppose -3*a - 64 + 253 = 0. Let g = 24 + a. Is g a multiple of 29?
True
Suppose -40 - 72 = -2*s. Does 14 divide s?
True
Let r = -41 - -90. Does 22 divide r?
False
Suppose -t + 166 = -116. Is t a multiple of 13?
False
Let k(m) = -m - 5. Let q be k(0). Let g = q - -9. Suppose 3*z = -3*y - z + 36, 4*z = -g*y + 44. Is 3 a factor of y?
False
Let u be 5*(-2 + 1 - -2). Suppose -c - 3*c = 0. Suppose u*a = -c*a + 40. Does 8 divide a?
True
Let w(j) = -j**3 - 8*j**2 - 10*j + 1. Suppose 28 = -6*f + 2*f. Does 12 divide w(f)?
False
Suppose 5*r = 3*l - 324, 2*r + 449 = 4*l + r. Is 15 a factor of l?
False
Let h be (-1)/(-2) - (-27)/2. Is 13 a factor of h/(-7) - (-54)/1?
True
Let l(c) be the third derivative of -5*c**4/24 - c**3/2 - 2*c**2. Let b be l(-4). Suppose -b = -3*o + 2*m, 5*o + m - 39 = -m. Is o even?
False
Suppose -i + 163 = 2*b, 4*i - 3*i + 3 = 0. Does 44 divide b?
False
Let l = -41 + 97. Is l a multiple of 11?
False
Let j(u) be the second derivative of -17*u**3/6 - 3*u**2/2 + 5*u. Does 12 divide j(-3)?
True
Is 44 a factor of (-3377)/(-11) + (2 - 0)?
False
Is 6 a factor of (-26)/(-6)*3 - 1?
True
Suppose 4*l = -5*u + l + 49, 4*u = -5*l + 34. Let r = -44 + u. Is (-1)/(3/r)*1 a multiple of 4?
False
Let u(i) = -i**2 + 22*i - 26. Let m be u(18). Let w be 1 + 0 + (-4)/(-2). Suppose -w*g - 1 = -m. Is 15 a factor of g?
True
Let u be (-1)/(-1) + 2 + 0. Suppose -1 = u*d + 2. Does 9 divide 18/1 - (-1 - d)?
True
Suppose k - 2 = -1. Let t be -1 - 21/(-2 - k). Suppose 0 = -2*a - t, 0*g - 2*a = 3*g - 9. Does 2 divide g?
False
Suppose 0 = -3*y + 24 - 6. Let r = y - -12. Is r a multiple of 5?
False
Let k(o) = -o**2 - 6*o + 10. Let c be k(-7). Suppose -c*n - n - 112 = -2*r, 4*r - 2*n = 200. Does 18 divide r?
False
Suppose 0 = -22*u + 347 + 709. Is u a multiple of 12?
True
Let n(c) = -c**2 + 6*c - 3. Let w(h) = 3*h**2 - 19*h + 8. Let u(f) = -8*n(f) - 3*w(f). Let p be u(7). Suppose 0*q - p = -2*q. Does 7 divide q?
True
Let a(f) = -f - 1. Let v be a(-5). Suppose -t = -l - 4, 3*t + 12 = -2*l + v*t. Is 8 a factor of (-130)/l + (-2)/8?
True
Let l(i) = i**2 - 8*i + 3. Let h be l(8). Suppose 1 = 2*y + h. Is 1*(24 - (y + -1)) a multiple of 17?
False
Suppose 2*s - 4*o - 40 = 0, 76 = 3*s + 2*o - 0*o. Is 13 a factor of s?
False
Let z be (-12)/10*100/6. Let a = -14 - z. Let v(s) = 2*s + 5. Is 17 a factor of v(a)?
True
Let f = -4 - -9. Suppose -f*n + 6*n - 4*q - 92 = 0, -2*q + 104 = n. Is n a multiple of 29?
False
Let d(c) = -2 + 0*c - 8 + 6*c - 8*c + c**2. Does 5 divide d(7)?
True
Suppose -18 = 4*x - 2*x. Is 2 a factor of 2 + 1 - 0/x?
False
Suppose -z = 4*j + 2*z - 297, -j + 2*z = -77. Is (6/(-5))/((-6)/j) a multiple of 8?
False
Let k(q) = 21*q**2 - q**2 + 1 - q + 4*q - q. Is k(-1) a multiple of 10?
False
Let t be (-10)/4 + 9/18. Is 6 a factor of t + 25 - (1 - 2)?
True
Is 12/102 - (219/(-17) + -2) a multiple of 2?
False
Suppose -3*v = -v + 2. Is ((-14)/2)/(v/2) a multiple of 14?
True
Suppose 3*a - 90 = -n - n, -150 = -5*a - 2*n. Let o = -14 + 26. Suppose -w + a = o. Is w a multiple of 9?
True
Let s(z) be the third derivative of -z**4/12 + z**3 + 2*z**2. Let h(v) = -v**2 - 8*v - 5. Let q be h(-8). Is 10 a factor of s(q)?
False
Let i be (-53)/(-4) + 2/(-8). Suppose 5*x - z - i = 0, -2 = 4*x + 2*z - 4. Suppose 30 - x = u. Is 18 a factor of u?
False
Let u(t) = t**3 + 3*t**2 - 5*t - 5. Let p be u(-4). Let k be 20 + (-2 - p - -3). Let r = k - 12. Does 10 divide r?
True
Let m = 38 + -25. Is m even?
False
Let d(k) = k**3 - 7*k**2 - 13*k + 9. Is d(9) a multiple of 12?
False
Let a(f) = f - 19. Let u be a(0). Let i = -8 - u. Does 10 divide i?
False
Suppose 2*b + 3 + 29 = 0. Let f = b - -56. Does 8 divide f?
True
Let u = 195 - 132. Let g = u + -25. Is g a multiple of 13?
False
Suppose 2*u + 4 + 6 = 2*k, 5*k = 4*u + 23. Suppose -10 = -3*b + 5*l - 99, -2*l = -k*b - 95. Let x = 52 + b. Is 15 a factor of x?
False
Is (1/(-2))/((2/(-72))/1) a multiple of 18?
True
Let d(l) = -l. Let f(v) = 4*v + 11. Let h(o) = -2*d(o) - f(o). Let a(i) = i**3 + 4*i**2 + 2*i - 1. Let g be a(-4). Is 4 a factor of h(g)?
False
Suppose -k = -l + 8, l + 0*l - 14 = -2*k. Suppose -2*i + 5*g + l = 0, i + 2*g + 8 = 22. Suppose 43 = 2*n + 5*v - i, 0 = 4*n + 3*v - 71. Is n a multiple of 7?
True
Suppose 0 = w - 2*g - 3 - 3, 5*w - 51 = 3*g. Suppose 0 = -h + w - 1. Does 5 divide h?
False
Is ((-15)/2)/(30/(-280)) a multiple of 17?
False
Let n(b) = -6*b - 2*b + 5 + 2*b. Suppose 0 = 3*p + 5*c - 8, -5*c = -0*c - 20. Is n(p) a multiple of 11?
False
Suppose -4 - 20 = b. Let q be (3/4)/((-3)/b). Suppose i - 2*i = -q. Does 4 divide i?
False
Let m(k) = 18*k - 3. Does 31 divide m(22)?
False
Suppose -4*p + 68 + 28 = 0. Let f be -3*(2 + p/(-9)). Suppose -3*n = -f*v - 5, 0 = -2*n - 5*v - 0*v + 16. Is 3 a factor of n?
True
Let w(q) = -5*q - 7. Is w(-11) a multiple of 26?
False
Let y(v) = 4*v**2 + v + 3. Let j be y(-3). Suppose -3*c - 3*k - j = -132, -16 = -4*k. Suppose c = 4*z - 4*t + 2*t, z - 2*t - 7 = 0. Is z a multiple of 3?
False
Suppose 0 = -5*f + t - 4, -3*t + 2 + 10 = f. Suppose -5*q - 2*v = -143, -q = -f*v - 3*v - 32. Does 28 divide q?
False
Let a(n) be the first derivative of 11*n**2/2 - 5*n - 1. Is 28 a factor of a(3)?
True
Suppose -5*i + 3 = -0*y - y, 3*i = 3. Let w be 0 + 2 + 73/1. Suppose 5*h - w = y*h. Does 9 divide h?
Fal